. Calculate the highest common factor of u and 5.
5
Let j be ((-18)/15)/(84/(-6300)). Calculate the greatest common factor of j and 50.
10
Let w = -58 + 90. Suppose -2*l + 5*g = -51, 2*g - 84 = -6*l + l. Let r be l*(1 - 15/(-9)). What is the greatest common factor of r and w?
16
Suppose -m = -4*x - 7, m - 1 - 24 = -2*x. Let n be 22 + (-1)/(1/3). Calculate the highest common divisor of m and n.
19
Let z be 1/29 + 1323080/7192. Let y be (-1 - -5)/(1/2). What is the highest common factor of z and y?
8
Suppose 2*y - 12 = 22. Let w be 186/9 + (-5)/((-15)/(-2)). Suppose 2*f - 82 - w = 0. Calculate the greatest common factor of f and y.
17
Let f be (93 - 83)*((22 - -1) + -1). What is the greatest common factor of 44 and f?
44
Let q(n) = 6*n - 253. Let p be q(44). Calculate the greatest common factor of p and 99.
11
Suppose 10 = 3*j + 46. Let y be j/1*2*-8. Let z be 1/(((-8)/(-2))/y). Calculate the highest common divisor of z and 6.
6
Suppose -34*l + 28*l = -540. Calculate the greatest common divisor of l and 153.
9
Let x be 72/84*10*14/1. What is the greatest common divisor of x and 75?
15
Let u be (-18490)/(-125) + 14/175. Calculate the greatest common divisor of 32 and u.
4
Let k = -61 - -67. Calculate the greatest common factor of 48 and k.
6
Let s(l) = -l**2 + 25*l - 15. Let j be s(24). Let t = j - -134. What is the greatest common factor of 13 and t?
13
Let j(u) be the second derivative of -9*u**5/20 - u**3/6 - u**2/2 + 7*u. Let w be j(-1). What is the highest common factor of w and 1?
1
Suppose 3*j = 501 + 225. Let r be 175/(-70)*88/(-10). Calculate the greatest common factor of j and r.
22
Let w be -2*-1*(5 + -3). Calculate the highest common divisor of w and 118.
2
Let b(d) be the second derivative of d**5/20 - 3*d**4/2 + 3*d**3 + 23*d**2/2 + 39*d. Let v be b(17). What is the greatest common factor of v and 60?
20
Suppose -80 = -5*k - 3*v + 4*v, -3*v + 80 = 5*k. Let t = -18 + 27. Let m be -4*3/2*(-6)/t. What is the greatest common divisor of m and k?
4
Suppose -k - k + 20 = -5*a, -4*k = 4*a - 12. Suppose -2*s = -k*z - 3, -3*s + 4*z + 31 = 9. Calculate the highest common divisor of 21 and s.
7
Let b(g) = 5*g - 13. Let f be b(8). Suppose -i = 5*c - f, 2*c + i = 4 + 5. Suppose -704 = 2*x - c*x. Calculate the highest common divisor of 22 and x.
22
Suppose 503 = 5*h + 2*x, 2*x - 8 = -0. What is the highest common factor of h and 165?
33
Suppose 30*o = -10*o + 400. Calculate the greatest common divisor of o and 80.
10
Let m be (-1 - 4/(-3))/(8/(-24)). Let i be (-4)/(-4) - 33*m. Suppose 3*d = 420 - 114. What is the highest common divisor of i and d?
34
Let m = -96 - -137. Suppose -2*r + 5*l + 75 = 0, r - m = -3*l - 9. Calculate the highest common factor of 385 and r.
35
Let k(s) = s + 5. Let g be k(0). Suppose 3*i + g*z = 210, -5*i + 2*z + 125 = -194. Suppose -4*a = -9*a + i. Calculate the highest common factor of 91 and a.
13
Let q(f) = 2*f**3 - 2*f**2 + f + 3. Let b be q(2). Let h(g) = g**3 - 12*g**2 - 12*g. Let u be h(b). What is the greatest common factor of 117 and u?
13
Suppose 52*v = 58*v - 294. What is the highest common factor of 7 and v?
7
Let m = 19 + -9. What is the greatest common divisor of m and 150?
10
Suppose 4*x - 239 = 189. Suppose 0 = 2*j + y + x, 3*j - y = -j - 223. Let o = -33 - j. What is the greatest common divisor of 33 and o?
11
Let j(s) = -s**2 - 12*s - 14. Let h be j(-10). Calculate the highest common divisor of 42 and h.
6
Let w(i) = -i**2 - 5*i + 6. Let o be w(-5). Let t(v) = -2*v**3 + 2*v**2 + 8*v + 6. Let y be t(-3). Calculate the highest common divisor of o and y.
6
Let z = -27 - -29. Let p be z/(2 - (-75)/(-39)). Calculate the highest common divisor of p and 208.
26
Let w(y) = -y**3 - 10*y**2 - 8*y + 18. Let x be w(-10). Calculate the greatest common factor of x and 4.
2
Let h be (6/(-2) - -2) + 1. Suppose 0 = -h*i - 4*i + 680. Suppose -807 + 59 = -22*j. Calculate the highest common factor of i and j.
34
Let x = -828 + 1018. Calculate the highest common divisor of 57 and x.
19
Suppose -2*t = 5*z - 0*z - 48, -t = 5*z - 14. Let y = t - 25. Suppose -5 + y = 2*c. Calculate the greatest common factor of 14 and c.
2
Suppose -3*c + 2*r - 62 = 0, r = c - 0*r + 21. Let n be 8/c - (-54)/10. What is the highest common factor of n and 10?
5
Suppose 2*m = -3*i + 29, 0*m - m = -3*i - 1. Let z(s) = -s**3 + 11*s**2 - 9*s - 6. Let y be z(m). Calculate the highest common factor of y and 12.
4
Let p(x) = 5*x - 27. Let f be p(6). Let u = 200 + -196. What is the greatest common factor of f and u?
1
Let a be (246/30 - 9)/((-4)/390). Calculate the highest common factor of 130 and a.
26
Suppose -457 = -46*h + 6259. What is the greatest common divisor of h and 4?
2
Let f = -32 + 16. Let b be ((-6)/4)/(12/f). Suppose -j = -3*q + 346, -2*q + 5*j = b*q - 465. Calculate the greatest common divisor of 23 and q.
23
Let t = 12 - 7. Suppose 2*j + 6 = 4*h + 2, t*j + 4*h = 32. Suppose -3*y + 42 = j*z, -z + 0 = 3. What is the highest common factor of 198 and y?
18
Let l be (6 + -3 - 6) + 7. Let s be 1/l + 189/12. Calculate the greatest common factor of 112 and s.
16
Let k = 123 + -57. Let m be 42/4*(-44)/k. Let s be (-28)/(m/((-28)/(-8))). Calculate the greatest common divisor of s and 28.
14
Let o be 11*(-7 - -2 - -6). Suppose 2*x - 3*x + o = -t, 5*t = x - 23. Calculate the greatest common factor of 104 and x.
8
Let v = 39 + -19. Let j = 25 - v. Calculate the highest common divisor of 45 and j.
5
Let r = -105 - -131. Suppose 0 = 3*y + y - 52. Calculate the greatest common factor of r and y.
13
Let z be (4/8)/((-3)/12). Let d be -3 + 4 + (-54)/z. Suppose 12*k - 8*k = d. What is the highest common divisor of 63 and k?
7
Suppose 18 + 0 = 6*b. Suppose -4*r - b*r + 84 = 0. Calculate the highest common divisor of r and 48.
12
Let h be ((-6)/7)/(2/(-56)). Let v = 2 - -10. Let w be (4 - 0/(-2)) + v. What is the greatest common factor of w and h?
8
Let q(h) = -2*h + 363. Let m be q(-25). Calculate the greatest common divisor of 236 and m.
59
Suppose 4*p + 5 = 17. Suppose u + j - 10 = p*j, -2*j - 10 = 3*u. Suppose u = k - 3*k + 48. Calculate the highest common divisor of k and 24.
24
Let t be 1/(26/(-27) + 1). Let r = -7 + 16. Calculate the highest common divisor of t and r.
9
Let s = -27 - -66. Let p be s/3*(-4 - (2 + -9)). Let c be 28 + -2 + 0 + 0. What is the highest common factor of c and p?
13
Let f(d) = 65*d - 358. Let w be f(8). What is the greatest common divisor of 306 and w?
18
Let c be 0/(-3) + (1 - 0) + 44. Let f = 67 - c. What is the highest common factor of 33 and f?
11
Let r be 3/(-9) - (-43)/3. Let l(v) = 13*v + 23. Let h be l(4). Let x = h - 61. Calculate the greatest common divisor of x and r.
14
Let l(h) = 40*h - 9. Let w be l(3). Let k be -6 + w/18 + (-461)/(-6). What is the highest common divisor of k and 11?
11
Suppose 2*w - 333 = -3*h - 71, -2*h - 3*w = -173. What is the greatest common factor of 66 and h?
22
Let a(q) = 2*q**2 + 20*q - 25. Let t be a(-12). Calculate the greatest common divisor of t and 207.
23
Let t(a) = 10*a + 2. Let d be t(1). Let s be (-4 - 1) + d + -12. Let p be 0 + s/((-5)/28). Calculate the greatest common divisor of p and 28.
28
Let o = -40 - -79. What is the greatest common divisor of 12 and o?
3
Suppose -2*z = 5*t + 76, -4 = -2*t + z - 29. Let v be (8/(-10))/(t/1015). What is the greatest common divisor of 145 and v?
29
Let q(n) = 43*n + 523. Let b be q(-12). Calculate the greatest common factor of b and 637.
7
Let y be 2*4 + -7 + 8. Let l be 2/(6/y + -1). Let u(g) = -g**3 - 5*g**2 + 5*g + 8. Let q be u(l). What is the greatest common factor of q and 2?
2
Suppose 2*f - 905 = -5*p, 3*f - 5*p - 2025 + 705 = 0. Suppose -v + 3*y + 2*y + 115 = 0, -5*y = 3*v - f. What is the highest common factor of 20 and v?
20
Let x be (-13754)/(-22) - (-4 - (-644)/154). What is the highest common factor of 25 and x?
25
Let b(w) = 2*w - 12. Let v = -5 + 12. Let n be b(v). Let s be (1/n)/((-3)/(-1188)). What is the greatest common divisor of s and 18?
18
Suppose 0 = 2*s - 3*s + 3. Let a(v) = 25*v + 333. Let p be a(-12). Calculate the highest common divisor of p and s.
3
Suppose 474 = 2*c + 2*t + t, c + 5*t - 230 = 0. What is the greatest common divisor of c and 48?
48
Let q(a) = -a + 76. Let d be 0/(-4*2/(-8)). Let i be q(d). Su